{"id":31,"date":"2016-10-10T08:28:34","date_gmt":"2016-10-10T08:28:34","guid":{"rendered":"http:\/\/joerg-dumkow.de\/?page_id=31"},"modified":"2022-11-05T15:24:07","modified_gmt":"2022-11-05T15:24:07","slug":"about","status":"publish","type":"page","link":"https:\/\/joerg-dumkow.de\/?page_id=31","title":{"rendered":"about"},"content":{"rendered":"<p>\u00dcber mich <img loading=\"lazy\" decoding=\"async\" class=\"alignnone\" src=\"http:\/\/joerg-dumkow.de\/wp-content\/uploads\/2022\/10\/Joergsw.png\" alt=\"\" width=\"300\" height=\"16\" align=\"right\" \/><\/p>\n<p>Ich fotografiere schon seit fr\u00fchester Jugend &#8211; seit ich eine alte Rolleiflex von meiner Oma in die Hand bekam. Mich hat schon immer alles fasziniert, was mit Bildern und Musik zu tun hatte. Die Musik hat schlie\u00dflich gesiegt und ich habe Musikwissenschaften studiert, mich dann aber doch entschieden, eher eine praktische Musikerlaufbahn einzuschlagen. So habe ich mich also mein Leben lang als freiberuflicher Musiker durchgeschlagen und bin erst wieder 2012 zur Fotografie gesto\u00dfen, der ich seitdem den Gro\u00dfteil meiner Zeit widme.<\/p>\n<p>Ich habe mich voll und ganz der people photography verschrieben &#8211; insbesondere der sinnlichen Fotografie, d.h. ich m\u00f6chte die Gef\u00fchle meines Gegen\u00fcbers transportieren. In erster Linie liebe ich Portraits &#8211; intime, sehr pers\u00f6nliche Portraits, aber auch sinnlichen verdeckten Akt und Teilakt. Ich freue mich, dass es einige meiner Bilder in internationale Ausstellungen geschafft haben, u.a. in Wien, Salzburg, Paris, Moskau und auch in Tokyo &#8211; aber auch Serien in Online Magazinen zu platzieren empfinde ich als wundervolle Auszeichnung.<\/p>\n<p>An dieser Stelle ein riesengro\u00dfes Dankesch\u00f6n an all die wunderbaren Models, die mir ihr Vertrauen geschenkt haben und an meine Frau und Visa Gabi, ohne die dies alles nicht m\u00f6glich gewesen w\u00e4re.<\/p>\n<p>Einige meiner aktuellen Arbeiten und Infos zur Musik findet man hier:<\/p>\n<p><a href=\"https:\/\/www.instagram.com\/joerg_dumkow_photography\/\" target=\"_blank\" rel=\"noopener\">Instagram<\/a><br \/>\n<a href=\"https:\/\/www.model-kartei.de\/sedcards\/fotograf\/481321\/joerg-dumkow\/\" target=\"_blank\" rel=\"noopener noreferrer\">Model-Kartei<\/a><br \/>\n<a href=\"https:\/\/www.facebook.com\/dumkow.joerg\" target=\"_blank\" rel=\"noopener\">Facebook<\/a><\/p>\n","protected":false},"excerpt":{"rendered":"<p>\u00dcber mich Ich fotografiere schon seit fr\u00fchester Jugend &#8211; seit ich eine alte Rolleiflex von meiner Oma in die Hand bekam. Mich hat schon immer alles fasziniert, was mit Bildern und Musik zu tun hatte. Die Musik hat schlie\u00dflich gesiegt und ich habe Musikwissenschaften studiert, mich dann aber doch entschieden, eher eine praktische Musikerlaufbahn einzuschlagen. So habe ich mich also mein Leben lang als freiberuflicher Musiker durchgeschlagen und bin erst wieder 2012 zur Fotografie gesto\u00dfen, der ich seitdem den Gro\u00dfteil meiner Zeit widme. Ich habe mich voll und ganz der people photography verschrieben &#8211; insbesondere der sinnlichen Fotografie, d.h. ich m\u00f6chte die Gef\u00fchle meines Gegen\u00fcbers transportieren. In erster Linie liebe ich Portraits &#8211; intime, sehr pers\u00f6nliche Portraits, aber auch sinnlichen verdeckten Akt und Teilakt. Ich freue mich, dass es einige meiner Bilder in internationale Ausstellungen geschafft haben, u.a. in Wien, Salzburg, Paris, Moskau und auch in Tokyo &#8211; aber auch Serien in Online Magazinen zu platzieren empfinde ich als wundervolle Auszeichnung. An dieser Stelle ein riesengro\u00dfes Dankesch\u00f6n an all die<\/p>\n","protected":false},"author":1,"featured_media":0,"parent":0,"menu_order":0,"comment_status":"closed","ping_status":"closed","template":"","meta":{"footnotes":""},"class_list":["post-31","page","type-page","status-publish","hentry","odd"],"_links":{"self":[{"href":"https:\/\/joerg-dumkow.de\/index.php?rest_route=\/wp\/v2\/pages\/31","targetHints":{"allow":["GET"]}}],"collection":[{"href":"https:\/\/joerg-dumkow.de\/index.php?rest_route=\/wp\/v2\/pages"}],"about":[{"href":"https:\/\/joerg-dumkow.de\/index.php?rest_route=\/wp\/v2\/types\/page"}],"author":[{"embeddable":true,"href":"https:\/\/joerg-dumkow.de\/index.php?rest_route=\/wp\/v2\/users\/1"}],"replies":[{"embeddable":true,"href":"https:\/\/joerg-dumkow.de\/index.php?rest_route=%2Fwp%2Fv2%2Fcomments&post=31"}],"version-history":[{"count":39,"href":"https:\/\/joerg-dumkow.de\/index.php?rest_route=\/wp\/v2\/pages\/31\/revisions"}],"predecessor-version":[{"id":1677,"href":"https:\/\/joerg-dumkow.de\/index.php?rest_route=\/wp\/v2\/pages\/31\/revisions\/1677"}],"wp:attachment":[{"href":"https:\/\/joerg-dumkow.de\/index.php?rest_route=%2Fwp%2Fv2%2Fmedia&parent=31"}],"curies":[{"name":"wp","href":"https:\/\/api.w.org\/{rel}","templated":true}]}}